75 is divided by 647?
2
What is the remainder when 137713 is divided by 68836?
41
Calculate the remainder when 88625 is divided by 12660.
5
Calculate the remainder when 945955139 is divided by 20.
19
Calculate the remainder when 608531 is divided by 63.
14
What is the remainder when 10363601 is divided by 2331?
2306
Calculate the remainder when 1536442 is divided by 637.
635
Calculate the remainder when 9662045 is divided by 12.
5
What is the remainder when 86660006 is divided by 32?
6
Calculate the remainder when 7211832 is divided by 7211684.
148
Calculate the remainder when 76370558 is divided by 19092638.
6
Calculate the remainder when 26137175 is divided by 192185.
15
What is the remainder when 1127208984 is divided by 16?
8
Calculate the remainder when 182757 is divided by 251.
29
Calculate the remainder when 194397 is divided by 1783.
50
Calculate the remainder when 151084 is divided by 894.
892
Calculate the remainder when 81378 is divided by 34.
16
What is the remainder when 888197 is divided by 806?
791
What is the remainder when 766021 is divided by 646?
511
What is the remainder when 68345 is divided by 2030?
1355
What is the remainder when 6549917 is divided by 284779?
0
Calculate the remainder when 40200598 is divided by 1320.
1318
Calculate the remainder when 60608 is divided by 391.
3
Calculate the remainder when 25107 is divided by 762.
723
What is the remainder when 358594967 is divided by 4363?
4360
What is the remainder when 717674662 is divided by 21?
19
Calculate the remainder when 660226 is divided by 165030.
106
Calculate the remainder when 1318959 is divided by 398.
385
Calculate the remainder when 6716758 is divided by 1115.
1113
Calculate the remainder when 305357 is divided by 5889.
5018
What is the remainder when 26734021 is divided by 290587?
17
What is the remainder when 2167538858 is divided by 3140?
3138
Calculate the remainder when 216430 is divided by 12246.
8248
What is the remainder when 29544 is divided by 497?
221
Calculate the remainder when 680417 is divided by 340204.
9
What is the remainder when 82308234 is divided by 33?
30
What is the remainder when 1174778 is divided by 10?
8
Calculate the remainder when 357029101 is divided by 136.
133
Calculate the remainder when 1060856 is divided by 265214.
0
Calculate the remainder when 244748 is divided by 1569.
1553
What is the remainder when 787009 is divided by 393480?
49
What is the remainder when 1077729 is divided by 87?
60
What is the remainder when 21804 is divided by 281?
167
What is the remainder when 58303 is divided by 19388?
139
What is the remainder when 25016 is divided by 535?
406
What is the remainder when 3615243 is divided by 102?
57
Calculate the remainder when 770708 is divided by 85603.
281
Calculate the remainder when 19131 is divided by 1598.
1553
What is the remainder when 168827596 is divided by 19?
18
Calculate the remainder when 326732 is divided by 4752.
3596
What is the remainder when 39968 is divided by 2199?
386
Calculate the remainder when 477046 is divided by 12205.
1051
Calculate the remainder when 7831 is divided by 3810.
211
Calculate the remainder when 1201702 is divided by 11.
7
Calculate the remainder when 330317885 is divided by 361.
358
Calculate the remainder when 435472 is divided by 6194.
1892
What is the remainder when 1303157 is divided by 325753?
145
Calculate the remainder when 25444 is divided by 24324.
1120
Calculate the remainder when 3676762 is divided by 50.
12
Calculate the remainder when 706649 is divided by 234.
203
Calculate the remainder when 302854 is divided by 33637.
121
Calculate the remainder when 359605 is divided by 362.
139
Calculate the remainder when 86138283 is divided by 2146.
2135
Calculate the remainder when 6348 is divided by 1617.
1497
What is the remainder when 692695 is divided by 3846?
415
What is the remainder when 6701886 is divided by 4899?
54
What is the remainder when 258683125 is divided by 2763?
13
What is the remainder when 544340 is divided by 187?
170
Calculate the remainder when 17077557 is divided by 98.
77
Calculate the remainder when 509836 is divided by 169930.
46
Calculate the remainder when 133317 is divided by 7406.
9
What is the remainder when 6113342 is divided by 944?
942
Calculate the remainder when 206224 is divided by 206019.
205
What is the remainder when 2135784 is divided by 7002?
174
What is the remainder when 18601197 is divided by 401?
10
What is the remainder when 78202 is divided by 7127?
6932
Calculate the remainder when 74018769 is divided by 324.
321
Calculate the remainder when 130695 is divided by 21695.
525
What is the remainder when 1479818 is divided by 86?
16
What is the remainder when 74084 is divided by 24310?
1154
What is the remainder when 677063 is divided by 1855?
1843
Calculate the remainder when 8079907 is divided by 18.
13
Calculate the remainder when 2749062 is divided by 916347.
21
Calculate the remainder when 82918725 is divided by 22.
21
What is the remainder when 106842943 is divided by 33?
31
What is the remainder when 181605 is divided by 11320?
485
What is the remainder when 22760 is divided by 1137?
20
Calculate the remainder when 103895 is divided by 390.
155
Calculate the remainder when 15778999 is divided by 10.
9
What is the remainder when 84927 is divided by 10615?
7
What is the remainder when 5330096 is divided by 171937?
49
Calculate the remainder when 30418435 is divided by 296.
291
Calculate the remainder when 39776 is divided by 37567.
2209
What is the remainder when 444198 is divided by 10576?
6
What is the remainder when 101557 is divided by 50623?
311
What is the remainder when 204328 is divided by 263?
240
What is the remainder when 103745 is divided by 6543?
5600
What is the remainder when 1872981 is divided by 24313?
880
Calculate the remainder when 3794518 is divided by 948607.
90
Calculate the remainder when 107880154 is divided by 12135.
4
Calculate the remainder when 1749239 is divided by 2611.
2480
Calculate the remainder when 4157 is divided by 1028.
45
Calculate the remainder when 11585 is divided by 1931.
1930
What is the remainder when 3334029 is divided by 77?
6
What is the remainder when 44040729 is divided by 182?
5
Calculate the remainder when 7658531 is divided by 75.
56
What is the remainder when 53243 is divided by 10441?
1038
Calculate the remainder when 140276943 is divided by 116.
115
What is the remainder when 35993512 is divided by 22?
16
What is the remainder when 259442 is divided by 58?
8
Calculate the remainder when 127452565 is divided by 4462.
4459
Calculate the remainder when 30734988 is divided by 500.
488
Calculate the remainder when 1250818 is divided by 591.
262
What is the remainder when 1016383 is divided by 508191?
1
Calculate the remainder when 61783 is divided by 1472.
1431
What is the remainder when 19196152 is divided by 599?
598
Calculate the remainder when 23110659 is divided by 502405.
29
What is the remainder when 91899 is divided by 2868?
123
What is the remainder when 12354196 is divided by 1764867?
127
What is the remainder when 270640 is divided by 67091?
2276
Calculate the remainder when 81365331 is divided by 1182.
1179
Calculate the remainder when 80271374 is divided by 14.
8
What is the remainder when 867900373 is divided by 61?
59
Calculate the remainder when 2969 is divided by 2451.
518
What is the remainder when 64453 is divided by 220?
213
What is the remainder when 112464762 is divided by 311?
9
Calculate the remainder when 1004897 is divided by 10801.
404
What is the remainder when 104865 is divided by 52399?
67
What is the remainder when 12836789 is divided by 9143?
17
Calculate the remainder when 56633 is divided by 28266.
101
Calculate the remainder when 180832 is divided by 572.
80
What is the remainder when 25677 is divided by 1630?
1227
What is the remainder when 6041360 is divided by 276?
272
What is the remainder when 30951 is divided by 4444?
4287
What is the remainder when 52983 is divided by 1992?
1191
What is the remainder when 230076 is divided by 38303?
258
What is the remainder when 610505 is divided by 152622?
17
What is the remainder when 1824717 is divided by 4?
1
Calculate the remainder when 91544 is divided by 15247.
62
What is 